factor of 82758 and 49998.
78
Calculate the greatest common factor of 195 and 246379695.
15
What is the highest common factor of 120042 and 8246?
38
What is the highest common divisor of 2961153575 and 25?
25
Calculate the greatest common divisor of 13980 and 249990.
30
Calculate the highest common factor of 298 and 190998779.
149
What is the highest common divisor of 399109 and 8959?
289
Calculate the greatest common divisor of 13595219 and 11.
11
Calculate the highest common divisor of 69794525 and 15.
5
What is the highest common factor of 19265070 and 36?
6
What is the greatest common divisor of 4508 and 3749851?
161
Calculate the greatest common divisor of 147928130 and 1624.
406
What is the greatest common divisor of 3773930 and 490?
10
What is the greatest common factor of 272 and 5806928?
272
Calculate the greatest common divisor of 2512 and 61552.
16
Calculate the greatest common factor of 72466 and 11723.
19
Calculate the highest common divisor of 1249908 and 107712.
2244
Calculate the greatest common factor of 40785 and 10140.
15
Calculate the greatest common factor of 1752432 and 5104.
176
Calculate the greatest common factor of 21 and 206197383.
21
Calculate the highest common divisor of 1437966 and 153.
9
What is the greatest common divisor of 24496 and 2631789?
1531
What is the greatest common divisor of 14537193 and 2499?
51
Calculate the highest common divisor of 152520966 and 332.
166
Calculate the greatest common factor of 25735303 and 737.
737
Calculate the highest common factor of 299330 and 36770.
10
What is the greatest common factor of 111816 and 288?
72
Calculate the greatest common factor of 287559012 and 221.
221
What is the highest common divisor of 824 and 145237519?
103
Calculate the greatest common factor of 20481309 and 108.
27
Calculate the highest common factor of 2717056 and 384.
128
What is the highest common factor of 13408811 and 13?
13
Calculate the highest common divisor of 729 and 965086407.
243
Calculate the highest common factor of 103450 and 1990.
10
Calculate the greatest common factor of 20960766 and 542.
542
Calculate the highest common divisor of 66336254 and 2411.
2411
What is the highest common factor of 752 and 912787?
47
Calculate the greatest common divisor of 12534986 and 47496.
3958
What is the greatest common divisor of 420 and 69512940?
420
Calculate the highest common factor of 5319524 and 1036.
28
Calculate the greatest common factor of 463408 and 1408.
176
What is the highest common factor of 45182 and 886994?
2378
What is the highest common factor of 1372 and 217606?
2
Calculate the highest common factor of 36770 and 170.
10
What is the highest common divisor of 38374024 and 9365?
1873
Calculate the highest common factor of 31501107 and 9.
9
Calculate the highest common divisor of 2769000 and 1825.
25
Calculate the highest common factor of 24381833 and 1169.
1169
Calculate the highest common divisor of 3615 and 892005.
15
Calculate the highest common divisor of 208 and 18223868.
52
Calculate the highest common factor of 58615 and 36955.
95
What is the highest common divisor of 446 and 118648042?
446
What is the greatest common factor of 46630545 and 2691?
897
What is the highest common factor of 776699 and 147?
49
Calculate the highest common factor of 10 and 3319895.
5
What is the highest common divisor of 156 and 76454664?
156
Calculate the highest common divisor of 938 and 3145793.
7
What is the highest common factor of 4266 and 4061178?
54
Calculate the greatest common factor of 377 and 15399464.
29
What is the highest common divisor of 42528 and 60637840?
7088
What is the greatest common factor of 81 and 294378?
3
Calculate the highest common divisor of 4989 and 268273497.
4989
Calculate the greatest common factor of 267390 and 6570.
90
Calculate the highest common factor of 31 and 10524190.
31
Calculate the highest common divisor of 9928 and 1472848.
584
Calculate the greatest common divisor of 32038 and 270912.
166
Calculate the highest common factor of 43431 and 191115.
93
What is the greatest common divisor of 522 and 14013351?
261
What is the highest common factor of 596 and 117003591?
149
What is the greatest common divisor of 320094390 and 11550?
2310
What is the greatest common factor of 368 and 10196176?
368
What is the greatest common factor of 107607511 and 22?
11
What is the highest common factor of 289060905 and 210?
105
What is the greatest common divisor of 17928 and 25398?
1494
What is the highest common factor of 150899 and 3633?
7
Calculate the highest common factor of 10 and 282236590.
10
Calculate the highest common divisor of 16406 and 27014.
26
Calculate the highest common divisor of 12 and 39479938.
2
What is the greatest common divisor of 1488 and 25396936?
248
Calculate the greatest common factor of 749072439 and 17916.
4479
What is the highest common divisor of 2064720 and 1790?
10
Calculate the greatest common factor of 3588 and 4243086.
138
Calculate the greatest common factor of 90 and 66235617.
9
What is the highest common factor of 1886 and 6334131?
943
Calculate the highest common divisor of 54349 and 7436222.
3197
What is the highest common factor of 117016127 and 2863?
409
Calculate the greatest common factor of 90775 and 2775.
25
Calculate the greatest common divisor of 286388 and 76.
4
Calculate the highest common factor of 2400 and 947616.
96
What is the highest common divisor of 4167041 and 5137?
467
What is the greatest common factor of 44407311 and 78?
39
What is the greatest common factor of 462709635 and 45?
15
Calculate the highest common factor of 237040 and 84780.
20
What is the highest common divisor of 399583379 and 5343?
1781
Calculate the greatest common divisor of 2853433 and 374.
187
What is the greatest common divisor of 474792 and 87804?
3252
Calculate the highest common divisor of 4 and 18928292.
4
Calculate the greatest common factor of 192 and 67272.
24
What is the highest common divisor of 305166 and 894502?
362
What is the greatest common divisor of 856515 and 131923?
1969
Calculate the highest common factor of 126462897 and 3267.
297
What is the greatest common divisor of 8142 and 10528963?
1357
What is the greatest common factor of 1173 and 7601907?
51
Calculate the highest common divisor of 15 and 198758010.
15
Calculate the greatest common factor of 86182386 and 366.
366
Calculate the greatest common factor of 2023 and 126004.
289
What is the highest common factor of 358 and 3519856?
358
What is the highest common factor of 367 and 5317463?
367
What is the highest common factor of 1370929 and 85617?
1057
Calculate the highest common divisor of 209417505 and 1595.
55
What is the highest common divisor of 6513600 and 387984?
2832
What is the highest common divisor of 22827 and 28749?
21
What is the highest common divisor of 76 and 27383218?
38
What is the highest common divisor of 170614213 and 29337?
9779
Calculate the greatest common factor of 3222449 and 641243.
8117
What is the highest common factor of 618726 and 34714?
2042
What is the greatest common factor of 100620 and 12193596?
1548
What is the greatest common factor of 180 and 19447990?
10
What is the greatest common factor of 11564538 and 47564?
2162
What is the greatest common divisor of 20170095 and 30?
15
What is the greatest common factor of 728 and 1755416?
104
What is the greatest common divisor of 593968185 and 27?
9
Calculate the highest common factor of 1755 and 692705.
65
What is the greatest common divisor of 6667720238 and 158?
158
Calculate the greatest common divisor of 7944078 and 1368088.
3526
Calculate the highest common divisor of 7 and 279758220.
7
What is the highest common divisor of 315 and 51033213?
63
Calculate the greatest common factor of 22359248 and 32.
16
What is the highest common factor of 18132413 and 689?
689
Calculate the highest common factor of 10277092 and 1239.
413
Calculate the highest common factor of 3060 and 193970.
170
What is the greatest common factor of 4077 and 1652091?
453
What is the highest common divisor of 883828 and 59958558?
8338
What is the greatest common factor of 382714182 and 16578?
5526
What is the highest common divisor of 15973555 and 65?
65
Calculate the highest common factor of 176864084 and